o base 9.
-13837
What is 51853 (base 9) in base 16?
85b6
Convert -348c (base 15) to base 4.
-2232111
-22d (base 16) to base 15
-272
Convert -5958 (base 15) to base 12.
-ab9b
Convert 2274 (base 13) to base 10.
4827
113 (base 16) to base 2
100010011
Convert 6313 (base 8) to base 12.
1a8b
Convert 116722 (base 8) to base 14.
10a1c
Convert 131 (base 16) to base 15.
155
2012002002 (base 3) to base 5
2334232
3720 (base 12) to base 11
4741
1200121 (base 3) to base 7
3406
1b1 (base 14) to base 3
111000
-11032 (base 4) to base 10
-334
What is -1022220112 (base 3) in base 12?
-13195
What is -1114 (base 5) in base 8?
-237
What is -10001100101 (base 2) in base 10?
-1125
-225 (base 14) to base 3
-120202
Convert -118 (base 16) to base 7.
-550
101201111 (base 3) to base 5
222231
What is -11312310 (base 4) in base 13?
-abc3
895 (base 16) to base 13
1000
Convert e79 (base 16) to base 15.
1170
What is 561 (base 7) in base 10?
288
36745 (base 10) to base 16
8f89
What is -224210 (base 5) in base 12?
-47b3
13b (base 14) to base 9
306
Convert 5ce (base 16) to base 6.
10514
3066 (base 9) to base 7
6360
What is -100110110000 (base 2) in base 5?
-34410
What is -20442 (base 6) in base 16?
-aca
a46 (base 11) to base 5
20020
Convert 5020 (base 8) to base 6.
15532
What is -10021011 (base 3) in base 4?
-211030
What is -1030 (base 10) in base 3?
-1102011
3b2 (base 13) to base 8
1214
What is -13771 (base 8) in base 9?
-8368
-1000110111000000 (base 2) to base 6
-440000
Convert 341 (base 6) to base 7.
250
Convert -1000011010 (base 2) to base 7.
-1366
Convert -3ad (base 14) to base 12.
-519
What is 222300 (base 4) in base 10?
2736
-336 (base 11) to base 15
-1bc
What is -2ef5 (base 16) in base 3?
-121111020
Convert -1587 (base 12) to base 6.
-15451
What is -1111001 (base 2) in base 9?
-144
Convert 8286 (base 10) to base 11.
6253
What is -5315 (base 7) in base 6?
-12402
50d9 (base 15) to base 7
100536
Convert -1001011110 (base 2) to base 14.
-314
What is 101001001 (base 2) in base 12?
235
What is -5454 (base 8) in base 2?
-101100101100
Convert -900 (base 15) to base 13.
-bca
What is -46320 (base 7) in base 8?
-27057
-100 (base 8) to base 2
-1000000
What is 100001111101 (base 2) in base 14?
b13
Convert 5601 (base 7) to base 3.
2202110
Convert 2d3 (base 14) to base 13.
355
Convert 101012021 (base 3) to base 4.
1310020
What is -49357 (base 11) in base 9?
-117313
3b5 (base 12) to base 4
20321
Convert 22303 (base 5) to base 10.
1578
What is 19490 (base 12) in base 9?
55640
3451 (base 8) to base 7
5226
What is 51533 (base 8) in base 15?
64c9
393 (base 15) to base 6
3433
What is 16377 (base 14) in base 16?
d915
-b1d (base 14) to base 11
-1705
Convert -2301 (base 6) to base 4.
-20131
Convert -418b (base 12) to base 6.
-53055
-55931 (base 10) to base 7
-322031
What is 67771 (base 8) in base 10?
28665
-2243 (base 7) to base 10
-815
Convert d286 (base 14) to base 10.
36182
10000 (base 2) to base 10
16
11e7 (base 16) to base 10
4583
-aa9 (base 14) to base 9
-2803
What is -4e7 (base 16) in base 3?
-1201111
What is a45a (base 11) in base 16?
3623
What is 1150 (base 7) in base 6?
1551
What is 27371 (base 10) in base 7?
142541
What is -7272 (base 9) in base 15?
-18a5
Convert 12b0 (base 15) to base 13.
1a7c
Convert -131030 (base 5) to base 8.
-12024
What is -267 (base 12) in base 6?
-1411
-540 (base 9) to base 12
-309
1a76 (base 14) to base 13
225b
What is -701 (base 8) in base 3?
-121122
-340 (base 8) to base 14
-120
What is fa0 (base 16) in base 4?
332200
Convert -7264 (base 9) to base 10.
-5323
What is -342002 (base 5) in base 3?
-121122011
11313023 (base 4) to base 7
130001
ac3 (base 15) to base 8
4601
Convert -a77 (base 12) to base 3.
-2002201
What is -19934 (base 10) in base 14?
-739c
-aaa (base 11) to base 6
-10054
271 (base 9) to base 2
11100010
Convert -1001000101111 (base 2) to base 13.
-2171
2c28 (base 15) to base 5
300423
-417 (base 12) to base 16
-253
Convert 10121112 (base 3) to base 15.
ba8
Convert 11602 (base 7) to base 8.
5740
What is -112212021 (base 3) in base 12?
-632a
-3243101 (base 5) to base 3
-2211212001
Convert -20416 (base 7) to base 13.
-2386
Convert 2553 (base 7) to base 10.
969
Convert -232324 (base 5) to base 3.
-102121111
What is 7025 (base 13) in base 12?
8b02
-8368 (base 9) to base 11
-467a
What is -2032002 (base 5) in base 3?
-1200210012
Convert 3811 (base 11) to base 16.
136d
What is 108b (base 13) in base 3?
10011122
Convert -23211 (base 4) to base 2.
-1011100101
Convert 167 (base 16) to base 14.
1b9
What is 1141 (base 12) in base 16?
781
2275 (base 8) to base 11
a03
Convert -16874 (base 14) to base 11.
-3953a
-1010000100 (base 2) to base 3
-212212
What is 11335 (base 11) in base 5?
1010443
What is -10011111010 (base 2) in base 6?
-5522
-2096 (base 13) to base 3
-20012022
Convert 1545 (base 6) to base 7.
1145
Convert 104351 (base 7) to base 2.
100011110111010
What is 7047 (base 10) in base 11?
5327
2214 (base 7) to base 10
795
91 (base 10) to base 9
111
What is -1311310 (base 5) in base 9?
-38380
What is 11020121 (base 3) in base 16?
c16
58c (base 16) to base 7
4066
What is 9e08 (base 15) in base 2?
1000001011111101
What is -103332 (base 4) in base 11?
-a62
Convert -85 (base 13) to base 6.
-301
Convert 3492 (base 12) to base 3.
22001102
3465 (base 8) to base 5
24340
2333 (base 4) to base 7
362
Convert 505 (base 14) to base 11.
816
Convert 149 (base 10) to base 12.
105
What is 613 (base 10) in base 6?
2501
What is 53221 (base 7) in base 3?
200000221
Convert 2b1 (base 16) to base 4.
22301
15d (base 14) to base 2
100010111
Convert -27876 (base 10) to base 6.
-333020
Convert 54142 (base 8) to base 10.
22626
Convert 150321 (base 6) to base 10.
14377
-426 (base 9) to base 13
-20a
What is -1096 (base 10) in base 8?
-2110
116a (base 15) to base 14
14c4
What is -124435 (base 9) in base 13?
-28454
Convert -1010110000 (base 2) to base 4.
-22300
Convert 103400 (base 5) to base 8.
7020
Convert -23f (base 16) to base 7.
-1451
-2721 (base 12) to base 10
-4489
5547 (base 10) to base 13
26a9
-155 (base 12) to base 7
-416
21062 (base 10) to base 6
241302
14545 (base 6) to base 5
33434
What is -38a (base 12) in base 16?
-21a
Convert -8ac (base 14) to base 10.
-1720
Convert 11130103 (base 4) to base 10.
22291
What is -4530 (base 16) in base 6?
-214000
Convert 5a1 (base 13) to base 4.
33100
101000 (base 2) to base 3
1111
What is -3917 (base 10) in base 8?
-7515
What is -1678 (base 9) in base 16?
-506
What is 107273 (base 8) in base 11?
254a8
Convert 141b0 (base 13) to base 10.
37661
Convert -1434 (base 7) to base 15.
-279
-13446 (base 7) to base 5
-104120
What is -a0 (base 11) in base 16?
-6e
-8e50 (base 16) to base 10
-36432
Convert -1847 (base 10) to base 14.
-95d
-622f (base 16) to base 11
-17980
Convert -1436 (base 9) to base 8.
-2076
-1b79 (base 13) to base 4
-1000330
Convert -378 (base 10) to base 5.
-3003
-211 (base 11) to base 15
-11e
What is 686 (base 14) in base 8?
2416
Convert -10141 (base 5) to base 16.
-29f
7a62 (base 16) to base 7
160225
384 (base 14) to base 6
3132
Convert 4034 (base 6) to base 11.
736
What is 332 (base 13) in base 3?
202022
-1200202 (base 3) to base 2
-10011010011
What is -11010100000101 (base 2) in base 6?
-142501
What is 7774 (base 9) in base 15?
1a77
Convert -1010110110111010 (base 2) to base 13.
-17321
26b (base 12) to base 13
227
What is -36970 (base 10) in base 6?
-443054
Convert 1a0 (base 11) to base 16.
e7
What is 2113322 (base 4) in base 11?
7339
121a0 (base 12) to base 5
1240311
What is -1657 (base 14) in base 5?
-111442
What is 2054 (base 7) in base 4?
23111
Convert 234377 (base 8) to base 9.
131820
What is 10110000100100 (base 2) in base 4?
2300210
-26072 (base 11) to base 9
-56206
Convert 2697 (base 10) to base 16.
a89
-21101 (base 3) to base 8
-307
What is 20010001 (base 4) in base 2?
1000000100000001
13106 (base 7) to base 9
4702
1044 (base 9) to base 14
3cd
123 (base 7) to base 9
73
What is -5254 (base 7) in base 2?
-11100111100
What is c01 (base 14) in base 5?
33403
8485 (base 10) to base 15
27aa
5104 (base 6) to base 16
460
What is -11332210 (base 4) in base 14?
-8ccc
-1022020 (base 3) to base 10
-951
What is e94 (base 16) in base 11?
2893
Convert 4c6 (base 15) to base 5.
13321
What is 130 (base 9) in base 3?
11000
Convert -25e